hen 3061 is divided by 596?
81
What is the remainder when 44515 is divided by 1011?
31
What is the remainder when 137 is divided by 26?
7
What is the remainder when 889244 is divided by 945?
944
Calculate the remainder when 274229 is divided by 137110.
9
Calculate the remainder when 3026 is divided by 752.
18
Calculate the remainder when 674119 is divided by 168524.
23
What is the remainder when 14023 is divided by 24?
7
What is the remainder when 8555 is divided by 2836?
47
What is the remainder when 54697 is divided by 182?
97
What is the remainder when 2645 is divided by 317?
109
What is the remainder when 353 is divided by 223?
130
Calculate the remainder when 3045 is divided by 815.
600
Calculate the remainder when 42389 is divided by 14.
11
What is the remainder when 234801 is divided by 22?
17
What is the remainder when 20875 is divided by 22?
19
What is the remainder when 3009 is divided by 2663?
346
What is the remainder when 60594 is divided by 2?
0
What is the remainder when 71325 is divided by 35468?
389
What is the remainder when 114548 is divided by 774?
770
Calculate the remainder when 74797 is divided by 298.
297
Calculate the remainder when 604 is divided by 349.
255
What is the remainder when 39788 is divided by 329?
308
Calculate the remainder when 4371 is divided by 79.
26
Calculate the remainder when 85795 is divided by 85792.
3
What is the remainder when 50148 is divided by 1072?
836
What is the remainder when 308825 is divided by 114?
113
Calculate the remainder when 143 is divided by 16.
15
Calculate the remainder when 64665 is divided by 1375.
40
What is the remainder when 12330 is divided by 2038?
102
Calculate the remainder when 7698 is divided by 550.
548
What is the remainder when 3717 is divided by 16?
5
What is the remainder when 53094 is divided by 35?
34
Calculate the remainder when 42569 is divided by 8478.
179
What is the remainder when 11113 is divided by 5436?
241
Calculate the remainder when 415 is divided by 21.
16
What is the remainder when 25116 is divided by 6276?
12
What is the remainder when 209403 is divided by 22?
7
Calculate the remainder when 11131 is divided by 64.
59
What is the remainder when 91516 is divided by 38?
12
What is the remainder when 169822 is divided by 394?
8
Calculate the remainder when 14034 is divided by 7014.
6
Calculate the remainder when 25644 is divided by 4270.
24
Calculate the remainder when 13626 is divided by 147.
102
What is the remainder when 52524 is divided by 392?
388
Calculate the remainder when 50940 is divided by 548.
524
Calculate the remainder when 10642 is divided by 242.
236
What is the remainder when 19377 is divided by 3205?
147
Calculate the remainder when 11299 is divided by 452.
451
Calculate the remainder when 20348 is divided by 701.
19
Calculate the remainder when 3330 is divided by 443.
229
Calculate the remainder when 581 is divided by 11.
9
What is the remainder when 230285 is divided by 44?
33
Calculate the remainder when 74210 is divided by 558.
554
Calculate the remainder when 7169 is divided by 860.
289
Calculate the remainder when 21970 is divided by 379.
367
Calculate the remainder when 401107 is divided by 100276.
3
Calculate the remainder when 22581 is divided by 12.
9
Calculate the remainder when 13566 is divided by 308.
14
What is the remainder when 4009 is divided by 1095?
724
What is the remainder when 1586693 is divided by 187?
185
Calculate the remainder when 82 is divided by 13.
4
Calculate the remainder when 67995 is divided by 25.
20
Calculate the remainder when 580525 is divided by 26.
23
What is the remainder when 245933 is divided by 38?
35
Calculate the remainder when 126917 is divided by 167.
164
Calculate the remainder when 4535 is divided by 2264.
7
What is the remainder when 64168 is divided by 414?
412
Calculate the remainder when 52446 is divided by 2760.
6
Calculate the remainder when 14253 is divided by 45.
33
Calculate the remainder when 474 is divided by 208.
58
What is the remainder when 159263 is divided by 474?
473
Calculate the remainder when 586 is divided by 432.
154
What is the remainder when 80208 is divided by 40097?
14
Calculate the remainder when 247 is divided by 104.
39
Calculate the remainder when 1376098 is divided by 66.
64
What is the remainder when 744 is divided by 144?
24
What is the remainder when 3311 is divided by 188?
115
Calculate the remainder when 461 is divided by 220.
21
Calculate the remainder when 168196 is divided by 8408.
36
What is the remainder when 8349 is divided by 1640?
149
Calculate the remainder when 10014 is divided by 2108.
1582
What is the remainder when 226 is divided by 155?
71
What is the remainder when 40765 is divided by 224?
221
What is the remainder when 20800 is divided by 20798?
2
Calculate the remainder when 5045 is divided by 2448.
149
What is the remainder when 6522 is divided by 3234?
54
Calculate the remainder when 176149 is divided by 194.
191
Calculate the remainder when 1537 is divided by 193.
186
Calculate the remainder when 221913 is divided by 17.
12
What is the remainder when 916 is divided by 15?
1
What is the remainder when 8037 is divided by 1?
0
Calculate the remainder when 21957 is divided by 106.
15
What is the remainder when 46712 is divided by 255?
47
Calculate the remainder when 1177269 is divided by 392415.
24
What is the remainder when 2687 is divided by 112?
111
What is the remainder when 114875 is divided by 6754?
57
Calculate the remainder when 87131 is divided by 180.
11
What is the remainder when 172480 is divided by 62?
58
What is the remainder when 1066762 is divided by 2186?
2180
What is the remainder when 20491 is divided by 197?
3
Calculate the remainder when 24798 is divided by 3537.
39
Calculate the remainder when 27645 is divided by 128.
125
Calculate the remainder when 26272 is divided by 2014.
90
What is the remainder when 147200 is divided by 499?
494
What is the remainder when 3408 is divided by 164?
128
What is the remainder when 55512 is divided by 98?
44
Calculate the remainder when 51689 is divided by 57.
47
Calculate the remainder when 48956 is divided by 18.
14
Calculate the remainder when 31503 is divided by 51.
36
Calculate the remainder when 647585 is divided by 23128.
1
Calculate the remainder when 4504 is divided by 2169.
166
Calculate the remainder when 252623 is divided by 126307.
9
Calculate the remainder when 19199 is divided by 173.
169
What is the remainder when 579 is divided by 396?
183
Calculate the remainder when 107860 is divided by 119.
46
What is the remainder when 109572 is divided by 186?
18
Calculate the remainder when 99896 is divided by 724.
708
Calculate the remainder when 973 is divided by 428.
117
Calculate the remainder when 8260 is divided by 81.
79
What is the remainder when 1808 is divided by 294?
44
What is the remainder when 60944 is divided by 17?
16
Calculate the remainder when 2070 is divided by 384.
150
What is the remainder when 777258 is divided by 97?
94
Calculate the remainder when 116448 is divided by 321.
246
What is the remainder when 1253443 is divided by 34?
33
What is the remainder when 12376 is divided by 438?
112
What is the remainder when 4131 is divided by 3637?
494
Calculate the remainder when 57980 is divided by 652.
604
What is the remainder when 4079 is divided by 1337?
68
What is the remainder when 526499 is divided by 5?
4
What is the remainder when 659599 is divided by 776?
775
What is the remainder when 2901 is divided by 880?
261
Calculate the remainder when 475859 is divided by 433.
425
What is the remainder when 130387 is divided by 130?
127
What is the remainder when 4106 is divided by 613?
428
Calculate the remainder when 302126 is divided by 184.
182
Calculate the remainder when 7638 is divided by 1180.
558
Calculate the remainder when 35708 is divided by 5096.
36
What is the remainder when 762 is divided by 76?
2
What is the remainder when 3713987 is divided by 21?
11
What is the remainder when 676 is divided by 380?
296
Calculate the remainder when 343689 is divided by 68723.
74
What is the remainder when 91994 is divided by 184?
178
What is the remainder when 80795 is divided by 972?
119
What is the remainder when 45265 is divided by 15064?
73
Calc